 2765802 is divided by 1113?
1110
Calculate the remainder when 2664 is divided by 126.
18
What is the remainder when 5657 is divided by 63?
50
Calculate the remainder when 360809 is divided by 175.
134
What is the remainder when 24600 is divided by 1447?
1
What is the remainder when 5200 is divided by 102?
100
What is the remainder when 27283 is divided by 29?
23
Calculate the remainder when 5841 is divided by 5837.
4
Calculate the remainder when 602011 is divided by 43000.
11
What is the remainder when 12856 is divided by 3209?
20
Calculate the remainder when 562921 is divided by 9.
7
What is the remainder when 117628 is divided by 41?
40
What is the remainder when 305367 is divided by 328?
327
Calculate the remainder when 22381 is divided by 23.
2
What is the remainder when 12815 is divided by 12789?
26
What is the remainder when 70576 is divided by 1384?
1376
What is the remainder when 2439 is divided by 11?
8
Calculate the remainder when 351186 is divided by 107.
12
Calculate the remainder when 9496 is divided by 171.
91
Calculate the remainder when 25807 is divided by 8.
7
Calculate the remainder when 31971 is divided by 416.
355
Calculate the remainder when 413958 is divided by 898.
878
What is the remainder when 1232 is divided by 9?
8
Calculate the remainder when 22199 is divided by 161.
142
Calculate the remainder when 25416 is divided by 489.
477
What is the remainder when 12203 is divided by 1016?
11
Calculate the remainder when 2357 is divided by 385.
47
What is the remainder when 161923 is divided by 86?
71
Calculate the remainder when 3705 is divided by 81.
60
What is the remainder when 19348 is divided by 18?
16
Calculate the remainder when 934 is divided by 293.
55
What is the remainder when 30227 is divided by 841?
792
What is the remainder when 139340 is divided by 46424?
68
Calculate the remainder when 40495 is divided by 20240.
15
Calculate the remainder when 65375 is divided by 57.
53
Calculate the remainder when 23916 is divided by 11943.
30
Calculate the remainder when 11820 is divided by 2952.
12
Calculate the remainder when 1835 is divided by 240.
155
What is the remainder when 385777 is divided by 166?
159
Calculate the remainder when 1578 is divided by 355.
158
Calculate the remainder when 22203 is divided by 714.
69
What is the remainder when 17450 is divided by 356?
6
Calculate the remainder when 3076 is divided by 79.
74
Calculate the remainder when 30179 is divided by 642.
5
Calculate the remainder when 24269 is divided by 3.
2
What is the remainder when 2284 is divided by 14?
2
What is the remainder when 591790 is divided by 48?
46
What is the remainder when 706 is divided by 139?
11
What is the remainder when 5877 is divided by 206?
109
What is the remainder when 48669 is divided by 169?
166
Calculate the remainder when 995 is divided by 38.
7
What is the remainder when 2188 is divided by 280?
228
What is the remainder when 8956 is divided by 3606?
1744
Calculate the remainder when 3284 is divided by 235.
229
Calculate the remainder when 19254 is divided by 29.
27
What is the remainder when 2159 is divided by 300?
59
Calculate the remainder when 18632 is divided by 6202.
26
What is the remainder when 3688 is divided by 1765?
158
Calculate the remainder when 603 is divided by 333.
270
What is the remainder when 4241 is divided by 186?
149
What is the remainder when 286334 is divided by 1150?
1134
What is the remainder when 2616 is divided by 865?
21
Calculate the remainder when 16051 is divided by 3.
1
What is the remainder when 802 is divided by 256?
34
Calculate the remainder when 469339 is divided by 1549.
1541
What is the remainder when 965 is divided by 879?
86
What is the remainder when 2626239 is divided by 232?
231
What is the remainder when 221413 is divided by 29?
27
Calculate the remainder when 3074 is divided by 1442.
190
What is the remainder when 5226 is divided by 1243?
254
What is the remainder when 32941 is divided by 284?
281
Calculate the remainder when 5076 is divided by 2463.
150
What is the remainder when 4562 is divided by 654?
638
What is the remainder when 48310 is divided by 390?
340
What is the remainder when 5658332 is divided by 1654?
1652
What is the remainder when 33196 is divided by 2074?
12
Calculate the remainder when 115756 is divided by 6.
4
Calculate the remainder when 164017 is divided by 481.
477
Calculate the remainder when 13974 is divided by 31.
24
What is the remainder when 19130 is divided by 1125?
5
Calculate the remainder when 3320 is divided by 197.
168
What is the remainder when 3588 is divided by 95?
73
Calculate the remainder when 31611 is divided by 479.
476
Calculate the remainder when 20802 is divided by 119.
96
What is the remainder when 17666 is divided by 71?
58
What is the remainder when 35198 is divided by 1099?
30
Calculate the remainder when 281833 is divided by 41.
40
Calculate the remainder when 25395 is divided by 306.
303
Calculate the remainder when 2678 is divided by 123.
95
Calculate the remainder when 374903 is divided by 1059.
17
Calculate the remainder when 1050431 is divided by 718.
715
What is the remainder when 62730 is divided by 8960?
10
What is the remainder when 245912 is divided by 31?
20
What is the remainder when 214778 is divided by 555?
548
What is the remainder when 12869 is divided by 3090?
509
What is the remainder when 105202 is divided by 30?
22
What is the remainder when 553955 is divided by 38?
29
Calculate the remainder when 44268 is divided by 388.
36
Calculate the remainder when 62242 is divided by 199.
154
What is the remainder when 3567 is divided by 210?
207
What is the remainder when 56441 is divided by 1283?
1272
What is the remainder when 3847 is divided by 751?
92
What is the remainder when 1923 is divided by 1117?
806
What is the remainder when 418247 is divided by 1256?
1255
Calculate the remainder when 13559 is divided by 60.
59
Calculate the remainder when 97977 is divided by 16.
9
Calculate the remainder when 32202 is divided by 1894.
4
What is the remainder when 762 is divided by 160?
122
What is the remainder when 10979822 is divided by 199?
196
Calculate the remainder when 162589 is divided by 10.
9
Calculate the remainder when 5341772 is divided by 528.
524
What is the remainder when 86639 is divided by 20?
19
Calculate the remainder when 134928 is divided by 122.
118
Calculate the remainder when 38820 is divided by 267.
105
What is the remainder when 131705 is divided by 27?
26
What is the remainder when 3351 is divided by 243?
192
What is the remainder when 349145 is divided by 110?
5
Calculate the remainder when 19148 is divided by 165.
8
Calculate the remainder when 34423 is divided by 146.
113
Calculate the remainder when 226892 is divided by 89.
31
What is the remainder when 13363 is divided by 1904?
35
What is the remainder when 12254 is divided by 41?
36
What is the remainder when 1404 is divided by 653?
98
Calculate the remainder when 116331 is divided by 8948.
7
Calculate the remainder when 204020 is divided by 2551.
2491
What is the remainder when 203944 is divided by 16?
8
What is the remainder when 3253 is divided by 2609?
644
What is the remainder when 16726 is divided by 5563?
37
Calculate the remainder when 370461 is divided by 136.
133
What is the remainder when 23667 is divided by 1820?
7
What is the remainder when 41200 is divided by 256?
240
Calculate the remainder when 12396 is divided by 1223.
166
What is the remainder when 590920 is divided by 624?
616
Calculate the remainder when 419 is divided by 105.
104
Calculate the remainder when 13858 is divided by 514.
494
Calculate the remainder when 8190 is divided by 8.
6
What is the remainder when 1882 is divided by 373?
17
What is the remainder when 15136 is divided by 361?
335
What is the remainder when 9132 is divided by 164?
112
What is the remainder when 12523 is divided by 2284?
1103
Calculate the remainder when 83936 is divided by 10492.
0
Calculate the remainder when 270995 is divided by 12.
11
Calculate the remainder when 117706 is divided by 6.
4
What is the remainder when 8978 is divided by 8962?
16
Calculate the remainder when 104099 is divided by 19.
17
What is the remainder when 616111 is divided by 107?
5
What is the r